ighest common divisor of 50 and 90760?
10
Calculate the highest common divisor of 3673 and 1.
1
What is the highest common divisor of 22 and 1568402?
22
Calculate the highest common divisor of 208 and 496.
16
What is the highest common divisor of 397425 and 4725?
525
What is the greatest common divisor of 19800 and 37840?
440
Calculate the highest common factor of 131892 and 696.
348
Calculate the highest common factor of 8130 and 360.
30
What is the highest common factor of 15479 and 69?
23
Calculate the highest common factor of 7 and 6859447.
7
What is the greatest common factor of 1551 and 213004?
517
Calculate the highest common factor of 360 and 145512.
72
What is the greatest common divisor of 56122 and 154?
22
What is the highest common divisor of 1408 and 2486?
22
What is the highest common factor of 2 and 84145?
1
What is the highest common factor of 43282 and 2774?
38
What is the greatest common divisor of 380 and 3250?
10
Calculate the greatest common divisor of 650 and 4675.
25
What is the highest common divisor of 17205 and 2945?
155
What is the highest common divisor of 466 and 597878?
466
What is the greatest common divisor of 13916 and 644?
28
Calculate the highest common factor of 1281 and 5313.
21
What is the greatest common factor of 588060 and 165?
165
What is the greatest common factor of 236 and 146438?
118
What is the highest common factor of 64 and 24576?
64
Calculate the highest common factor of 1505 and 1565.
5
Calculate the highest common factor of 2014 and 5194.
106
What is the greatest common factor of 5615414 and 14?
14
Calculate the highest common divisor of 109249 and 35.
7
Calculate the highest common divisor of 1809 and 243837.
27
What is the greatest common factor of 1995 and 28215?
285
Calculate the greatest common factor of 196784 and 43904.
784
What is the highest common divisor of 10790 and 166830?
830
What is the highest common divisor of 320242 and 13?
13
What is the greatest common factor of 200 and 3200?
200
What is the greatest common divisor of 2336 and 52?
4
What is the greatest common factor of 1039740 and 520?
260
Calculate the highest common factor of 81 and 84159.
81
What is the greatest common factor of 396 and 14355?
99
Calculate the greatest common divisor of 6164934 and 6.
6
What is the greatest common divisor of 17745 and 840?
105
Calculate the highest common factor of 32440 and 70.
10
Calculate the greatest common divisor of 144340 and 80.
20
Calculate the greatest common factor of 240 and 16088.
8
Calculate the greatest common divisor of 2783 and 1035.
23
What is the highest common factor of 18400 and 16?
16
Calculate the greatest common divisor of 35 and 56.
7
What is the highest common factor of 685623 and 3054?
1527
Calculate the highest common divisor of 1953 and 16461.
279
What is the highest common factor of 949680 and 10?
10
Calculate the highest common divisor of 783 and 13137.
87
Calculate the greatest common factor of 1786892 and 808.
404
What is the greatest common divisor of 601 and 1662967?
601
What is the greatest common divisor of 3 and 732540?
3
Calculate the highest common factor of 63 and 1096839.
9
What is the greatest common factor of 8850768 and 48?
48
Calculate the greatest common divisor of 254 and 6.
2
What is the greatest common factor of 6 and 8414526?
6
What is the highest common divisor of 26525 and 425?
25
What is the highest common divisor of 627 and 1218261?
627
Calculate the highest common divisor of 665 and 36499.
19
Calculate the highest common divisor of 473 and 394009.
473
What is the greatest common factor of 340 and 77180?
340
What is the highest common factor of 117 and 30069?
117
What is the greatest common factor of 172450 and 25?
25
Calculate the greatest common factor of 99 and 78507.
99
What is the highest common divisor of 2930 and 9962?
586
What is the highest common factor of 40620 and 72?
12
What is the greatest common factor of 951 and 195?
3
What is the greatest common factor of 142974 and 676?
338
Calculate the greatest common factor of 14924 and 26978.
574
Calculate the greatest common divisor of 1089425 and 25.
25
Calculate the greatest common divisor of 254628 and 5643.
99
What is the greatest common divisor of 135 and 204405?
15
Calculate the highest common factor of 85796 and 35668.
964
Calculate the highest common factor of 44712 and 15640.
184
What is the highest common factor of 489 and 6567759?
489
What is the greatest common factor of 3676 and 2148?
4
What is the greatest common divisor of 13419 and 96489?
639
What is the greatest common divisor of 248 and 3154188?
124
What is the highest common divisor of 67236 and 7722?
78
Calculate the highest common factor of 6789 and 11899.
73
What is the highest common factor of 4170 and 310?
10
What is the highest common factor of 150 and 863934?
6
What is the highest common divisor of 67682 and 129?
43
Calculate the greatest common factor of 354 and 869601.
177
What is the highest common factor of 450 and 40900?
50
What is the greatest common factor of 1411 and 99059?
17
What is the highest common factor of 1470273 and 1855?
371
Calculate the highest common factor of 257497 and 2.
1
Calculate the highest common factor of 60931 and 988.
13
Calculate the highest common divisor of 56 and 105154.
14
What is the highest common factor of 330 and 19030?
110
Calculate the highest common divisor of 10 and 120458.
2
Calculate the greatest common divisor of 16768 and 640.
128
What is the greatest common factor of 1197565 and 85?
85
Calculate the greatest common divisor of 34548 and 3.
3
What is the greatest common factor of 16933 and 91?
7
Calculate the highest common factor of 361 and 80503.
361
What is the highest common factor of 928 and 146798?
58
Calculate the highest common divisor of 2975552 and 1216.
1216
Calculate the greatest common factor of 1900 and 340290.
190
What is the greatest common divisor of 72 and 215532?
36
What is the greatest common factor of 73 and 969?
1
What is the greatest common factor of 323 and 93755?
17
Calculate the highest common divisor of 3636 and 6161.
101
Calculate the highest common divisor of 5928 and 9405.
57
What is the highest common factor of 202168 and 2368?
296
What is the highest common factor of 68249 and 12371?
139
Calculate the highest common factor of 6 and 148401.
3
Calculate the highest common divisor of 200 and 291560.
40
What is the greatest common factor of 1155 and 5061?
21
Calculate the highest common divisor of 18508 and 658.
14
What is the greatest common divisor of 2076 and 298598?
346
Calculate the highest common factor of 50279 and 5617.
137
Calculate the greatest common factor of 90370 and 630.
70
Calculate the greatest common divisor of 88 and 7348.
44
Calculate the greatest common factor of 10212 and 1776.
444
What is the greatest common divisor of 149887 and 74?
37
Calculate the greatest common factor of 7143 and 3.
3
Calculate the greatest common divisor of 2025 and 6345.
135
What is the highest common divisor of 126488 and 75632?
1304
Calculate the highest common factor of 13536 and 126288.
144
Calculate the greatest common divisor of 159789 and 441.
147
Calculate the greatest common factor of 14986 and 27940.
254
What is the highest common factor of 10089 and 114?
57
Calculate the greatest common factor of 137503 and 95.
19
What is the greatest common factor of 1587 and 3335?
23
Calculate the greatest common factor of 128 and 62368.
32
What is the greatest common factor of 273 and 795106?
13
Calculate the highest common factor of 3698 and 53.
1
What is the highest common factor of 51 and 579?
3
Calculate the highest common divisor of 2063033 and 398.
199
What is the highest common divisor of 600077 and 209?
19
Calculate the greatest common divisor of 97216 and 2632.
56
Calculate the highest common factor of 2088 and 1417230.
522
What is the greatest common factor of 500 and 204?
4
What is the greatest common factor of 5687 and 11891?
517
Calculate the greatest common factor of 18653 and 1541.
23
What is the highest common factor of 299 and 6647?
23
Calculate the highest common divisor of 178273 and 14283.
529
What is the greatest common factor of 10 and 88475?
5
What is the highest common divisor of 479 and 154?
1
Calculate